+ 43. Let w(p) = -5*p + 7. Calculate the remainder when w(-5) is divided by b.
15
Suppose -2*t + 2 + 2 = 0. Suppose 3*k + 4*l = -t*k + 99, l - 1 = 0. Suppose 3*d + 3*u = 27, -4*d + k = -d - u. What is the remainder when 19 is divided by d?
5
What is the remainder when ((-36)/14)/((-6)/(-28)*-1) is divided by 2?
0
Let p(b) = -b**3 - 4*b**2 + b + 4. Let n be p(-4). Suppose n = 2*u + 3*u - 70. What is the remainder when 39 is divided by u?
11
Suppose -2*x = -3*l - 30, 2*x + 4*l - 31 = -1. What is the remainder when (-2*43)/(42/(-21)) is divided by x?
13
Suppose 6*s - 3*s - 135 = 0. Let i = s + 40. Calculate the remainder when i is divided by 29.
27
Let u = -6 + 31. What is the remainder when u is divided by 14?
11
Suppose 34 = -3*a + 4*a. Suppose -4*n - 56 = n - 3*q, 0 = -2*q + 4. Let o(h) = -h + 2. Calculate the remainder when a is divided by o(n).
10
Let s(g) = -g**3 - 6*g**2 - 6. Let v be s(-6). Let x = 2 + v. Let j(r) = -r - 1. What is the remainder when 5 is divided by j(x)?
2
Let t(z) = z**2 + 10*z + 1. Let h be t(-7). Let y = 35 + h. Calculate the remainder when 58 is divided by y.
13
Let b = 431 + -123. Suppose 0 = -2*j - 10, -f + b = -5*f - 4*j. Let t = f - -103. What is the remainder when t is divided by 16?
15
Let d = 3 + 1. Suppose d*o = z + 289, -z = -o - 2*z + 76. Calculate the remainder when o is divided by 25.
23
Let a(l) = -l**2 - 10*l - 7. Let w be a(-8). Suppose w = z + 4. Let u = -3 + z. Calculate the remainder when 2 is divided by u.
0
Let b(l) = -14*l**3 - l. Let m be b(1). Calculate the remainder when 21 is divided by 1/1 - m/3.
3
Let i(c) = -c**2 + 5. Let q be i(-7). Let m = -30 - -97. Let g = q + m. What is the remainder when g is divided by 8?
7
Let i = -35 + 58. What is the remainder when 43 is divided by i?
20
Let b be (-1 + 4)/(3/4). What is the remainder when b - 2/2*-1 is divided by (2/8)/(6/72)?
2
Let m = -4 + 6. Let w be (-36)/(-15)*(-15)/(-6). Suppose -w*i + 21 = -3*i. Calculate the remainder when i is divided by m.
1
Let r be -3*8*1 - -2. Let v = r - -43. What is the remainder when 41 is divided by v?
20
Suppose 5*z = 5*s + 30, 24 = -z - 5*s - 0*s. What is the remainder when 2 is divided by z?
0
Let a(j) = -j + 17. Let f be a(0). Let d = 7 - f. Calculate the remainder when 50 is divided by ((-26)/d)/(7/35).
11
Let i(o) = -o - 4. Let l be i(7). Let p = 28 + l. Calculate the remainder when 66 is divided by p.
15
Let r(x) be the first derivative of x**4/4 + x**3 - x**2 - 1. Let f be 3*(-4)/(-2 + 6). What is the remainder when 11 is divided by r(f)?
5
Suppose 0 = 2*d - 11 - 21. Let l = d + -9. Let m(s) = -s**2 - 10*s + 11. What is the remainder when m(-9) is divided by l?
6
What is the remainder when 38*(3/6 - 0) is divided by 8?
3
What is the remainder when (21/28)/(-1 + (-21)/(-20)) is divided by 11?
4
Let a be -8*3/(18/(-51)). Let o = a - 47. Suppose 4 = -2*l - 4, o = 3*u - 3*l. Calculate the remainder when 5 is divided by u.
2
Suppose 0 = 14*s - 323 - 97. What is the remainder when s is divided by 11?
8
Let v(q) = -3*q - 2. Let h be 3*((-5)/3 - -1). Calculate the remainder when 6 is divided by v(h).
2
Let y = -148 - -224. What is the remainder when y is divided by 26?
24
Let i = 9 - -3. Calculate the remainder when i is divided by 7.
5
What is the remainder when (-2)/4 - (1 - 900/8) is divided by 38?
35
Suppose -d + 6 = -0. What is the remainder when 10 is divided by d?
4
Calculate the remainder when ((-10)/4)/(-3 + (-130)/(-44)) is divided by 28.
27
Suppose 0 = 12*t - 219 - 21. Let q = 1 - -6. Calculate the remainder when t is divided by q.
6
Let m = 43 + 7. What is the remainder when m is divided by 26?
24
Let o = -11 - -18. What is the remainder when 30 is divided by o?
2
Let s = 208 - 169. Calculate the remainder when 149 is divided by s.
32
Let c = 72 - 61. What is the remainder when c is divided by -1 - -1 - (-5 + 1)?
3
Let z(p) = 42*p**2 - 3*p + 2. Let g(v) = 83*v**2 - 7*v + 5. Let o(t) = -3*g(t) + 7*z(t). Let i = -24 - -47. Calculate the remainder when o(1) is divided by i.
21
Let j(i) = i**2 - 7*i - 58. Calculate the remainder when j(-10) is divided by 19.
17
Let s = -4 - -40. What is the remainder when s is divided by (38/4)/((-2)/(-4))?
17
Suppose s - 174 = 5*b, 5*s - 3*b - 1154 + 262 = 0. Suppose 14 = -3*m + s. Calculate the remainder when m is divided by (-20 - -1)*(-2 - -1).
17
Let v be 0/(-4 + 3 + 2). Suppose v = -6*a + 8*a - 50. Calculate the remainder when a is divided by 13.
12
Let x(u) = -66*u - 57. What is the remainder when x(-4) is divided by 11?
9
What is the remainder when -2*9/6*335/(-15) is divided by 18?
13
Calculate the remainder when 13 is divided by (-1 + 2)*(4 + 4).
5
Let k(b) = b**3 + 13*b**2 + 19*b - 19. Calculate the remainder when 28 is divided by k(-11).
0
Suppose 4*j = -7 + 15. Let g be 0/(2 - 3) + 110. Suppose 20 + g = 4*i - 2*c, 10 = j*c. What is the remainder when i is divided by 12?
11
Let x(p) be the third derivative of -p**5/60 + 5*p**4/24 - p**3/3 - p**2. Calculate the remainder when x(2) is divided by (-7)/(-3) - (-2)/(-6).
0
Let k be -1 + -2 + (-5 - 12). Calculate the remainder when 75 is divided by (-395)/k + (-3)/4.
18
Let z = 259 + -49. Suppose -2*l - z = 3*l. Let c = -30 - l. What is the remainder when c is divided by 7?
5
Suppose 6*u - 300 = 2*u. Let g = -28 - -47. Calculate the remainder when u is divided by g.
18
Suppose -5 = 5*z - 20. Suppose 5*o = -5, -o + 3 = -4*t + z*t. Let x = t - -6. What is the remainder when 2 is divided by x?
0
Let y = -30 + 45. Suppose -76 - 33 = -4*j + 3*w, -5*w = -4*j + 107. Calculate the remainder when j is divided by y.
13
Suppose 78 = n - 5*k, n - 83 = -2*k + 9. What is the remainder when n is divided by 15?
13
Suppose -2*u = 2*a + 50, 0*a = 3*a + 2*u + 78. Let k = a - -46. Calculate the remainder when k is divided by (-2)/(-11) + 648/66.
8
Suppose -4*p + 6 = -62. Suppose 2*j + 8 = 20. What is the remainder when 572/18 - j/(-27) is divided by p?
15
Let f be 12/4*2/6. Calculate the remainder when 38 is divided by -4 - -4 - (-14 + f).
12
Suppose 2*b = -8 + 28. Suppose -74 = 10*i - 12*i. What is the remainder when i is divided by b?
7
Let b(h) = 1 - 11*h - 1 - 4. Calculate the remainder when 35 is divided by b(-2).
17
Let m(n) = 11*n + 5. Calculate the remainder when m(6) is divided by -7 + 6 - (-21 + 2).
17
Let p = 88 - 67. What is the remainder when 53 is divided by p?
11
Suppose -11*a + 14*a = 72. What is the remainder when 93 is divided by a?
21
Let m(t) = -t**3 + 5*t**2 + 2. Let c be m(5). Suppose c - 7 = -y. What is the remainder when 13 is divided by y?
3
Let i(m) = -m**3 + 4*m**2 + 4*m + 5. Let x be i(5). Suppose x = -l + 2*t + 2*t + 6, 0 = -l + 2*t + 12. What is the remainder when 35 is divided by l?
17
Suppose 0 = -2*o + 17 + 13. Let i(z) = -3*z + 18. What is the remainder when i(-8) is divided by o?
12
Let q = 171 + -162. Calculate the remainder when 17 is divided by q.
8
Let t be ((-24)/16)/(3/4). Let j(p) = -p**3 - 2*p. Calculate the remainder when 44 is divided by j(t).
8
Let u = 34 + -6. Calculate the remainder when u is divided by 16.
12
Let a(o) = 52*o**3 - o**2 - o + 2. What is the remainder when a(1) is divided by 14?
10
Suppose t - 1 - 1 = 0. Suppose -t*f + 155 = 47. Calculate the remainder when f is divided by 14.
12
Let w = -22 - -36. Suppose 0 = -5*l + 95 + 110. Calculate the remainder when l is divided by w.
13
What is the remainder when 24 is divided by 13 - ((-21)/(-3) + -3)?
6
Let y(x) = 2*x + 24. Calculate the remainder when 10 is divided by y(-10).
2
Let r = 6 - -34. Suppose -o + 69 = 5*g - 0*o, 5*o = -5. What is the remainder when r is divided by g?
12
Suppose r - 125 = -3*u, -3*u = -4*r + 3*r - 133. What is the remainder when u is divided by 24?
19
Suppose 17*l - 9*l = 232. Calculate the remainder when 113 is divided by l.
26
Let x = 5 + -2. Let f be (-1)/((-24)/(-9) - x). Suppose -d - 4 = -f*d. What is the remainder when 6 is divided by d?
0
Let m be (-4)/12*0*1. Let b = 12 - m. What is the remainder when 34 is divided by b?
10
Suppose -51 = -6*b + 27. Calculate the remainder when 36 is divided by b.
10
Let b = 36 - 14. What is the remainder when b is divided by 6?
4
Let i = -93 + 103. What is the remainder when 38 is divided by i?
8
Calculate the remainder when ((-22)/8)/(1/(-8)) is divided by 